t is the highest common divisor of v and 18?
9
Let u = 37 + 8. Suppose -5*r - 43 = -4*z, z + 3*z - 3*r = u. Suppose 5*q - 50 = -5*l, 0 = -4*q + 8. Calculate the greatest common factor of z and l.
4
Let q(o) = o + 2*o - 4*o + 13 + 2*o. Let g be 33*2*(-2)/(-12). Let l be q(g). Calculate the greatest common divisor of 16 and l.
8
Let l(t) = -192*t**3 - 2*t**2 - t + 1. Let s be l(-1). Suppose 6198 = 14*k + s. Calculate the highest common divisor of 39 and k.
39
Let p(h) = h - 11. Let n(a) = a**3 + 10*a**2 + 6*a - 14. Let f be n(-9). Let i be p(f). Calculate the highest common divisor of 10 and i.
2
Suppose j = 3*q + 42, -2*j + 59 = -5*q + 4*q. Suppose -2 = -4*u + 70. What is the greatest common factor of j and u?
9
Let w = 65 - 51. Let a be 209/77 - ((-4)/w + 0). What is the highest common divisor of 27 and a?
3
Let t(n) = -n**3 - 7*n**2 - 2*n - 8. Let v be t(-7). Let s be v*(-4)/8 - -9. Suppose s*u - u - 70 = 0. What is the greatest common factor of u and 7?
7
Let d(x) = 59*x - 1. Let p(q) = q**3 + 8*q**2 + q + 11. Let h be p(-8). Let f be d(h). Suppose 3*r - 87 = -21. Calculate the highest common factor of r and f.
22
Let t be ((-3)/((-9)/(-24)))/(-2). Suppose -9 = t*i - 1, 0 = 4*s - 3*i - 86. Calculate the highest common factor of 160 and s.
20
Let b = -46 - -70. Let z be 8 + (14/42)/((-2)/b). Calculate the greatest common divisor of 64 and z.
4
Let o be (-3)/(-2) - (-207)/(-18). Let j be 84/(-15)*(o - 0). Let b = -6 - -20. What is the greatest common factor of j and b?
14
Suppose -3*o - 2*f = 22 - 146, o + 5*f - 37 = 0. What is the greatest common divisor of 1050 and o?
42
Let o(r) = 20*r - 4. Let t = 7 - 1. Let u be o(t). Suppose -4*d + 154 = -3*w, -2*d - d = -2*w - u. What is the highest common factor of 20 and d?
20
Let h be ((-2072)/185)/((-2)/20). Suppose 2*j - 2*l = j + 18, -3*j = -5*l - 53. Calculate the greatest common divisor of h and j.
16
Let b = 5 - -39. Let h(w) = w**3 + 6*w**2 - 6*w + 11. Let j be h(-7). Suppose -j*k = m - 3*m - 6, 16 = -k + 4*m. What is the highest common divisor of b and k?
4
Suppose 0 = 8*u - 1414 - 250. Calculate the greatest common divisor of u and 130.
26
Let d(r) = -r**2 - 6*r - 3. Suppose -3*l - 2*l = 25. Let b be d(l). What is the greatest common divisor of b and 2?
2
Let v(y) = -93*y + 36 + 2*y**2 + 93*y. Let w be v(0). What is the greatest common factor of 24 and w?
12
Let c(p) = -p**3 + 8*p**2 + p - 7. Let a be c(8). Let u be a*(8 - (-6 + 2)). Suppose -3*o + 3 = -9. Calculate the highest common factor of o and u.
4
Suppose 0 = -4*x, 2*z - z + 5*x + 22 = 0. Let n(h) = h**2 + 16*h + 2. Let a be n(-18). Let q = z + a. Calculate the greatest common divisor of 64 and q.
16
Let c be 156/(-20)*(1 - 16). Suppose 15*t = -66 + 201. Calculate the highest common divisor of c and t.
9
Let n = 84 + -48. Suppose -n + 120 = 4*l. Let m(w) = -104*w**3 + 2*w**2 + 3*w + 2. Let a be m(-1). What is the greatest common divisor of a and l?
21
Let n(s) = -6*s + 59. Let u be n(9). Suppose a = q + 28, 4*a - u - 89 = -2*q. Let w be (-52)/(-5) + 2/(-5). What is the highest common factor of a and w?
5
Let d = -22 - -24. Let c(r) = -7*r + 1 + 4 + r**3 - 26*r**d + 20*r**2. Let y be c(7). What is the highest common factor of 40 and y?
5
Let q = -48 + 54. Let w(a) = 3*a - 6. Let n be w(q). Calculate the greatest common divisor of n and 12.
12
Suppose 0*m + 6 = -3*m, 4*f = m + 14. Let u(w) = 49*w - 3. Let o be u(f). What is the greatest common factor of o and 18?
18
Let x be (2/4)/((-6)/(-84)). Let t(i) = i**3 + 7*i**2 - 15*i + 55. Let d be t(-9). What is the highest common divisor of x and d?
7
Suppose 0*b = b + 12. Let s(p) = -2*p**3 + 3*p**2 - 3*p + 4. Let g be s(-4). Let c = b + g. Calculate the highest common factor of 18 and c.
18
Suppose -q = 2, c - 4*q + 44 = 5*c. Let g = -10 + c. Suppose -2*w + 4*w + 4*b - 22 = 0, -g*b + 62 = 5*w. Calculate the greatest common factor of w and 65.
13
Let r be (-276)/(1/(3/(-2))). Calculate the greatest common divisor of r and 18.
18
Suppose 1230 = -21*c + 27*c. Let q be 3*5/(-75) + (-412)/(-10). Calculate the greatest common divisor of q and c.
41
Let b = 31 - 6. Let f(s) = -35*s + 10. Let r(p) = p + 1. Let x(n) = -f(n) - 3*r(n). Let q be x(9). What is the greatest common divisor of b and q?
25
Let h(k) = 9*k - 120*k - 4 + 43*k. Let y be h(-1). Calculate the highest common divisor of y and 8.
8
Suppose 2*b - 5*c = 79, -b + 3*b + 4*c = 52. Suppose o + b = 3*o. What is the greatest common factor of 12 and o?
4
Let w be 1 - (-6)/((-1)/(-1)). Suppose 5*n = -3 - w. Let s be (1/n)/((-3)/12). Calculate the highest common divisor of s and 22.
2
Suppose 4*v + 2*v - 420 = 0. Suppose -3*i - a + 37 = -0*a, 5*i - 4*a - 90 = 0. Calculate the greatest common divisor of v and i.
14
Let v(o) = 2*o**3 + 85*o**2 - 36*o + 409. Let d be v(-43). Let r be (-35)/(-1) + (-1 - -2). Calculate the highest common divisor of r and d.
36
Let m(j) = 2*j**2 + 14*j + 114. Let k be m(-12). What is the highest common divisor of k and 36?
18
Suppose -4*v + 4*a - 13 = -53, v + 2*a - 10 = 0. Calculate the highest common factor of 290 and v.
10
Let g(u) = 2*u - 41. Let r be g(23). Let c be 10*2/5 + 31. Calculate the greatest common divisor of c and r.
5
Suppose -3*a = -3*w + 407 + 130, 2*w - 376 = -4*a. Suppose -8 = 2*j, 5*y = 47*j - 49*j + 122. Calculate the highest common factor of w and y.
26
Let m be (-30)/18*(-9)/5. Suppose -3*g + d = m*d - 37, g + 1 = 2*d. Calculate the highest common factor of 1 and g.
1
Suppose 2*r + 5*o - 108 = 0, r - 2*o = 3*o + 39. Calculate the highest common factor of 35 and r.
7
Let n(b) = 8*b**2 - 18*b - 55. Let k be n(-4). What is the highest common divisor of k and 58?
29
Let y be (5 + (-247)/52)/((-2)/(-136)). What is the highest common divisor of 459 and y?
17
Suppose 0 = -o - 2*o - 6. Let p = 386 - -517. Let s be p/28 + o/8. Calculate the greatest common factor of 4 and s.
4
Suppose -1 = -k - 2*q + 9, 0 = -3*k - 2*q + 14. Suppose -k*g + 4*n = -8, 0*g - 4 = -2*g + 5*n. Calculate the greatest common factor of 96 and g.
12
Suppose 0 = -85*g + 66*g + 551. What is the greatest common factor of g and 493?
29
Suppose 0 = -m - 5*m + 1890. Suppose -7*p = -0*p - m. What is the greatest common factor of 9 and p?
9
Let l be (-4 - (-5 - -1))/1. Suppose l = 4*m - 3*m - 6. Calculate the highest common divisor of m and 6.
6
Let k = 40 + -19. Let h(m) = -3*m**3 - 12*m**2 - 29*m + 11. Let o be h(-5). Calculate the highest common divisor of o and k.
21
Let w(z) = -z**3 + z + 5. Let o be w(0). Suppose i - o*g - 31 = 5, 48 = 2*i - 2*g. Calculate the highest common divisor of i and 7.
7
Let d be (-9 + -261)*-3 + -6. What is the greatest common divisor of 12 and d?
12
Suppose -2*o + 208 = 4*s, -170 = -3*s - 4*o - 14. What is the greatest common factor of 559 and s?
13
Suppose 5243*f - 1116 = 5231*f. Suppose 51 + 42 = 3*p. Calculate the greatest common divisor of f and p.
31
Let y(h) = h**2 - 6*h - 22. Let w be y(-8). Calculate the highest common factor of w and 9.
9
Let c be (-7 - (0 - 1))/(-2). Suppose 2*y = c*y - 4. Let w be (-9 - (-9)/(-2 + -1))*-1. Calculate the highest common divisor of w and y.
4
Let p = -1 - -4. Suppose -u = p*u - 392. Let f = u - 43. What is the highest common factor of f and 11?
11
Suppose 46 = 2*p + 38. What is the highest common factor of p and 32?
4
Suppose -10*q = -751 - 4129. Calculate the greatest common divisor of q and 183.
61
Let u = -54 + 54. Suppose u = 2*m + o - 356, 2*m - 532 = -m - 2*o. Calculate the greatest common factor of m and 20.
20
Let i = 29398 - 48574. Let c be i/(-144) + 2/(-12). Calculate the greatest common factor of c and 19.
19
Let j = -9 - -32. Suppose -5*s + 11*s + 24 = 0, 4*m + 4*s - 812 = 0. What is the highest common divisor of m and j?
23
Let j = 656 + -564. What is the highest common divisor of j and 115?
23
Let z = -17 - -14. Let p be (z/1)/(-1) - -33. What is the highest common factor of 24 and p?
12
Suppose 362*k - 361*k - 697 = 0. What is the highest common factor of 41 and k?
41
Suppose 96 = 2*r - 20. Let o = r + -28. Let x = 9 + 1. Calculate the greatest common factor of x and o.
10
Let n(u) be the second derivative of u**4/12 - 5*u**2/2 + 2*u. Let y be (-54)/15 - (-4)/(-10). Let t be n(y). Calculate the greatest common factor of 22 and t.
11
Let a 